{"id":336,"date":"2016-02-13T14:03:24","date_gmt":"2016-02-13T14:03:24","guid":{"rendered":"http:\/\/anna-siemens.de\/?page_id=336"},"modified":"2016-02-13T14:03:36","modified_gmt":"2016-02-13T14:03:36","slug":"kurse-seminare","status":"publish","type":"page","link":"https:\/\/anna-siemens.de\/?page_id=336","title":{"rendered":"Kurse &#038; Seminare"},"content":{"rendered":"<p><strong>Malkurse f\u00fcr Anf\u00e4nger:<\/strong><\/p>\n<ul>\n<li>Kennenlernen unterschiedlicher Malmedien (z. B. Buntstifte, \u00d6lkreiden, Pastelkreiden, Acrylfarben usw.)<\/li>\n<li>Grundlagen der Farbenlehre und Perspektive<\/li>\n<li>Ausprobieren von unterschiedlichen Maltechniken<\/li>\n<\/ul>\n<p><strong>Offenes Atelier f\u00fcr Fortgeschrittene:<\/strong><\/p>\n<ul>\n<li>Findung und Erweiterung des eigenen Malstils<\/li>\n<li>Bild- und Farbkomposition<\/li>\n<li>Raum- und Farbperspektive<\/li>\n<li>Erweiterung der Farbenlehre<\/li>\n<li>Unterst\u00fctzung bei der Umsetzung eigener Ideen<\/li>\n<\/ul>\n<p><strong>Kindergeburtstage <\/strong>(Malen oder Specksteinarbeiten)<\/p>\n<ul>\n<li>Kindergruppen bis max. 8 Kinder<\/li>\n<li>Malmotive und Techniken nach den W\u00fcnschen des Geburtstagskindes<\/li>\n<li>individuelle Gestaltung<\/li>\n<\/ul>\n<p><strong>Grundlagen der Bildhauerei<\/strong><\/p>\n<ul>\n<li>Tagesseminar<\/li>\n<li>Arbeiten mit Ytongstein<\/li>\n<\/ul>\n<p><strong>Schulungen und Seminare<\/strong><\/p>\n<ul>\n<li>Thema: Malen (nicht nur) mit Dementen<\/li>\n<li>Thema: T\u00f6pfern (nicht nur) mit Dementen<\/li>\n<li>geeignete Personengruppe: Menschen die beruflich oder privat \u00e4ltere Menschen begleiten<\/li>\n<\/ul>\n","protected":false},"excerpt":{"rendered":"<p>Malkurse f\u00fcr Anf\u00e4nger: Kennenlernen unterschiedlicher Malmedien (z. B. Buntstifte, \u00d6lkreiden, Pastelkreiden, Acrylfarben usw.) Grundlagen der Farbenlehre und Perspektive Ausprobieren von unterschiedlichen Maltechniken Offenes Atelier f\u00fcr Fortgeschrittene: Findung und Erweiterung des eigenen Malstils Bild- und Farbkomposition Raum- und Farbperspektive Erweiterung der [&hellip;]<\/p>\n","protected":false},"author":1,"featured_media":0,"parent":0,"menu_order":0,"comment_status":"closed","ping_status":"closed","template":"","meta":{"jetpack_post_was_ever_published":false,"footnotes":""},"class_list":["post-336","page","type-page","status-publish","hentry"],"jetpack_sharing_enabled":true,"jetpack_shortlink":"https:\/\/wp.me\/P7hHHk-5q","jetpack-related-posts":[],"_links":{"self":[{"href":"https:\/\/anna-siemens.de\/index.php?rest_route=\/wp\/v2\/pages\/336","targetHints":{"allow":["GET"]}}],"collection":[{"href":"https:\/\/anna-siemens.de\/index.php?rest_route=\/wp\/v2\/pages"}],"about":[{"href":"https:\/\/anna-siemens.de\/index.php?rest_route=\/wp\/v2\/types\/page"}],"author":[{"embeddable":true,"href":"https:\/\/anna-siemens.de\/index.php?rest_route=\/wp\/v2\/users\/1"}],"replies":[{"embeddable":true,"href":"https:\/\/anna-siemens.de\/index.php?rest_route=%2Fwp%2Fv2%2Fcomments&post=336"}],"version-history":[{"count":2,"href":"https:\/\/anna-siemens.de\/index.php?rest_route=\/wp\/v2\/pages\/336\/revisions"}],"predecessor-version":[{"id":338,"href":"https:\/\/anna-siemens.de\/index.php?rest_route=\/wp\/v2\/pages\/336\/revisions\/338"}],"wp:attachment":[{"href":"https:\/\/anna-siemens.de\/index.php?rest_route=%2Fwp%2Fv2%2Fmedia&parent=336"}],"curies":[{"name":"wp","href":"https:\/\/api.w.org\/{rel}","templated":true}]}}