{"id":339,"date":"2016-02-13T14:05:26","date_gmt":"2016-02-13T14:05:26","guid":{"rendered":"http:\/\/anna-siemens.de\/?page_id=339"},"modified":"2016-02-13T14:06:34","modified_gmt":"2016-02-13T14:06:34","slug":"malen-mit-dementen","status":"publish","type":"page","link":"https:\/\/anna-siemens.de\/?page_id=339","title":{"rendered":"Malen mit Dementen"},"content":{"rendered":"<h1 style=\"text-align: center;\">Malen mit Dementen<\/h1>\n<p style=\"text-align: center;\"><em><span style=\"color: #000000;\">\u201e<span style=\"font-family: Calibri,sans-serif;\"><span style=\"font-size: large;\">Den Pinsel in Bewegung halten ohne zu wissen, wohin er mich f\u00fchrt, ist ein Abenteuer, und je mehr ich es geschehen lasse, desto leichter f\u00fchle ich mich, ganz und gar lebendig&#8230;&#8220;<\/span><\/span><\/span><\/em><\/p>\n<p><span style=\"color: #000000;\"><span style=\"font-family: Calibri,sans-serif;\"><span style=\"font-size: medium;\">Diesen Satz der Hobbyk\u00fcnstlerin, Ergo- und Maltherapeutin Ute Schmidt-Hackenberg kann ich sehr gut nachempfinden. Denn schon seit Jahren nutze ich den Reichtum der Malerei. In die Achterbahn der Gef\u00fchle, mal die berauschende Freude des Schaffens, mal &#8222;das Scheitern auf hohem Niveau&#8220;, steige ich immer wieder ein. Dieses Abenteuer hat mich so stark im Griff, dass es l\u00e4ngst den Rahmen eines Hobbys gesprengt hat und zu einem wichtigen Teil meines Lebens geworden ist.<\/span><\/span><\/span><\/p>\n<p><span style=\"color: #000000;\"><span style=\"font-family: Calibri,sans-serif;\"><span style=\"font-size: medium;\">Zur &#8222;ruhigen&#8220; Seite meines Lebens wurde die Arbeit im Seniorenzentrum, mit meist dementen Menschen, die scheinbar nicht mehr viel vom Leben haben. Es wirkte so, als ob ihr Leben nur von einem Grauton gestaltet w\u00e4re, um bei dem vergleichenden Bild von Farben und Gestaltung zu bleiben.<\/span><\/span><\/span><\/p>\n<p><span style=\"color: #000000;\"><span style=\"font-family: Calibri,sans-serif;\"><span style=\"font-size: medium;\">Die Bed\u00fcrftigkeit und die Offenheit der mir anvertrauten (alten und dementen) Menschen f\u00fcr Gef\u00fchle, Worte und Lieder ber\u00fchrten mich immer wieder. Mit Worten, Zuwendung und guter Pflege versuchte ich etwas Farbe in ihr Leben zu bringen und merkte, wie das Grau winzige, nur Sekunden andauernde Risse bekam.<\/span><\/span><\/span><\/p>\n<p><span style=\"color: #000000;\"><span style=\"font-family: Calibri,sans-serif;\"><span style=\"font-size: medium;\">Etwas St\u00e4rkeres, l\u00e4nger Andauerndes musste her! Nicht nur Risse im Grau, sondern lebendige Farben und nachhaltige Lebensgestaltung sollten entstehen. Die Kunst ist unter anderem eine Kommunikationsm\u00f6glichkeit, eine Br\u00fccke zwischen Vergangenheit und Gegenwart, doch auch sie hat ihre Grenzen.<\/span><\/span><\/span><\/p>\n<p><span style=\"color: #000000;\"><span style=\"font-family: Calibri,sans-serif;\"><span style=\"font-size: medium;\">Aus dem Experimentieren, Suchen, und Forschen ist eine Facharbeit entstanden. Zur Zeit wird sie zu einem Buch ausgearbeitet.<\/span><\/span><\/span><\/p>\n<p><span style=\"color: #000000;\"><span style=\"font-family: Calibri,sans-serif;\"><span style=\"font-size: medium;\">In meiner Facharbeit gehe ich nach kurzer Darstellung der h\u00e4ufigsten gerontopsychiatrischen Erkrankungen, von denen die Demenz den gr\u00f6\u00dften Teil ausmacht, auf die Geschichte der Kunsttherapie und die Urspr\u00fcnge des Malens ein.<br \/>\nIm Folgenden behandle ich schwerpunktm\u00e4\u00dfig die Alzheimer Demenz in Bezug zur Kunst . Sie macht den gr\u00f6\u00dften Teil der Erkrankungen aus. Die M\u00f6glichkeiten der Anwendung der Kunst bei den anderen gerontopsychiatrischen Erkrankungen weisen kaum Unterschiede auf. Auf die einzelnen Stadien der Demenz und die k\u00fcnstlerischen M\u00f6glichkeiten in diesen Stadien gehe ich ausf\u00fchrlich ein. Die Bedeutung von Licht und Farbe, der Linie und der Bewegung veranschauliche ich.<br \/>\n<\/span><\/span><\/span><\/p>\n<p><span style=\"color: #000000;\"><span style=\"font-family: Calibri,sans-serif;\"><span style=\"font-size: medium;\">Jeder Mitarbeiter, der sich dieser Herausforderung stellen will, muss viel mitbringen. Die dreifache Kompetenz, die von einem Kunsttherapeuten gefordert wird, um eine sinnvolle und gute Arbeit mit Dementen zu leisten, werde ich aufzeigen und erl\u00e4utern. Ich biete Richtlinien zur Auswahl von Maluntergrund, Malmedien und Malwerkzeugen an. Anschlie\u00dfend gebe ich praktische Anleitung und Tipps aus meiner Langj\u00e4hriger Erfahrung weiter.<\/span><\/span><\/span><\/p>\n<p>M\u00f6chten Sie mehr \u00fcber dieses Thema erfahren, oder haben Sie R\u00fcckfragen dazu, k\u00f6nnen Sie gerne das <a title=\"Kontakt\" href=\"http:\/\/anna-wall.de\/kontakt\/\" target=\"_blank\">Kontaktformular<\/a> nutzen.<\/p>\n","protected":false},"excerpt":{"rendered":"<p>Malen mit Dementen \u201eDen Pinsel in Bewegung halten ohne zu wissen, wohin er mich f\u00fchrt, ist ein Abenteuer, und je mehr ich es geschehen lasse, desto leichter f\u00fchle ich mich, ganz und gar lebendig&#8230;&#8220; Diesen Satz der Hobbyk\u00fcnstlerin, Ergo- und [&hellip;]<\/p>\n","protected":false},"author":1,"featured_media":0,"parent":336,"menu_order":0,"comment_status":"closed","ping_status":"closed","template":"","meta":{"jetpack_post_was_ever_published":false,"footnotes":""},"class_list":["post-339","page","type-page","status-publish","hentry"],"jetpack_sharing_enabled":true,"jetpack_shortlink":"https:\/\/wp.me\/P7hHHk-5t","jetpack-related-posts":[],"_links":{"self":[{"href":"https:\/\/anna-siemens.de\/index.php?rest_route=\/wp\/v2\/pages\/339","targetHints":{"allow":["GET"]}}],"collection":[{"href":"https:\/\/anna-siemens.de\/index.php?rest_route=\/wp\/v2\/pages"}],"about":[{"href":"https:\/\/anna-siemens.de\/index.php?rest_route=\/wp\/v2\/types\/page"}],"author":[{"embeddable":true,"href":"https:\/\/anna-siemens.de\/index.php?rest_route=\/wp\/v2\/users\/1"}],"replies":[{"embeddable":true,"href":"https:\/\/anna-siemens.de\/index.php?rest_route=%2Fwp%2Fv2%2Fcomments&post=339"}],"version-history":[{"count":1,"href":"https:\/\/anna-siemens.de\/index.php?rest_route=\/wp\/v2\/pages\/339\/revisions"}],"predecessor-version":[{"id":340,"href":"https:\/\/anna-siemens.de\/index.php?rest_route=\/wp\/v2\/pages\/339\/revisions\/340"}],"up":[{"embeddable":true,"href":"https:\/\/anna-siemens.de\/index.php?rest_route=\/wp\/v2\/pages\/336"}],"wp:attachment":[{"href":"https:\/\/anna-siemens.de\/index.php?rest_route=%2Fwp%2Fv2%2Fmedia&parent=339"}],"curies":[{"name":"wp","href":"https:\/\/api.w.org\/{rel}","templated":true}]}}

<h1 style="text-align: center;">Malen mit Dementen</h1>
<p style="text-align: center;"><em><span style="color: #000000;">„<span style="font-family: Calibri,sans-serif;"><span style="font-size: large;">Den Pinsel in Bewegung halten ohne zu wissen, wohin er mich führt, ist ein Abenteuer, und je mehr ich es geschehen lasse, desto leichter fühle ich mich, ganz und gar lebendig&#8230;&#8220;</span></span></span></em></p>
<p><span style="color: #000000;"><span style="font-family: Calibri,sans-serif;"><span style="font-size: medium;">Diesen Satz der Hobbykünstlerin, Ergo- und Maltherapeutin Ute Schmidt-Hackenberg kann ich sehr gut nachempfinden. Denn schon seit Jahren nutze ich den Reichtum der Malerei. In die Achterbahn der Gefühle, mal die berauschende Freude des Schaffens, mal &#8222;das Scheitern auf hohem Niveau&#8220;, steige ich immer wieder ein. Dieses Abenteuer hat mich so stark im Griff, dass es längst den Rahmen eines Hobbys gesprengt hat und zu einem wichtigen Teil meines Lebens geworden ist.</span></span></span></p>
<p><span style="color: #000000;"><span style="font-family: Calibri,sans-serif;"><span style="font-size: medium;">Zur &#8222;ruhigen&#8220; Seite meines Lebens wurde die Arbeit im Seniorenzentrum, mit meist dementen Menschen, die scheinbar nicht mehr viel vom Leben haben. Es wirkte so, als ob ihr Leben nur von einem Grauton gestaltet wäre, um bei dem vergleichenden Bild von Farben und Gestaltung zu bleiben.</span></span></span></p>
<p><span style="color: #000000;"><span style="font-family: Calibri,sans-serif;"><span style="font-size: medium;">Die Bedürftigkeit und die Offenheit der mir anvertrauten (alten und dementen) Menschen für Gefühle, Worte und Lieder berührten mich immer wieder. Mit Worten, Zuwendung und guter Pflege versuchte ich etwas Farbe in ihr Leben zu bringen und merkte, wie das Grau winzige, nur Sekunden andauernde Risse bekam.</span></span></span></p>
<p><span style="color: #000000;"><span style="font-family: Calibri,sans-serif;"><span style="font-size: medium;">Etwas Stärkeres, länger Andauerndes musste her! Nicht nur Risse im Grau, sondern lebendige Farben und nachhaltige Lebensgestaltung sollten entstehen. Die Kunst ist unter anderem eine Kommunikationsmöglichkeit, eine Brücke zwischen Vergangenheit und Gegenwart, doch auch sie hat ihre Grenzen.</span></span></span></p>
<p><span style="color: #000000;"><span style="font-family: Calibri,sans-serif;"><span style="font-size: medium;">Aus dem Experimentieren, Suchen, und Forschen ist eine Facharbeit entstanden. Zur Zeit wird sie zu einem Buch ausgearbeitet.</span></span></span></p>
<p><span style="color: #000000;"><span style="font-family: Calibri,sans-serif;"><span style="font-size: medium;">In meiner Facharbeit gehe ich nach kurzer Darstellung der häufigsten gerontopsychiatrischen Erkrankungen, von denen die Demenz den größten Teil ausmacht, auf die Geschichte der Kunsttherapie und die Ursprünge des Malens ein.<br />
Im Folgenden behandle ich schwerpunktmäßig die Alzheimer Demenz in Bezug zur Kunst . Sie macht den größten Teil der Erkrankungen aus. Die Möglichkeiten der Anwendung der Kunst bei den anderen gerontopsychiatrischen Erkrankungen weisen kaum Unterschiede auf. Auf die einzelnen Stadien der Demenz und die künstlerischen Möglichkeiten in diesen Stadien gehe ich ausführlich ein. Die Bedeutung von Licht und Farbe, der Linie und der Bewegung veranschauliche ich.<br />
</span></span></span></p>
<p><span style="color: #000000;"><span style="font-family: Calibri,sans-serif;"><span style="font-size: medium;">Jeder Mitarbeiter, der sich dieser Herausforderung stellen will, muss viel mitbringen. Die dreifache Kompetenz, die von einem Kunsttherapeuten gefordert wird, um eine sinnvolle und gute Arbeit mit Dementen zu leisten, werde ich aufzeigen und erläutern. Ich biete Richtlinien zur Auswahl von Maluntergrund, Malmedien und Malwerkzeugen an. Anschließend gebe ich praktische Anleitung und Tipps aus meiner Langjähriger Erfahrung weiter.</span></span></span></p>
<p>Möchten Sie mehr über dieses Thema erfahren, oder haben Sie Rückfragen dazu, können Sie gerne das <a title="Kontakt" href="http://anna-wall.de/kontakt/" target="_blank">Kontaktformular</a> nutzen.</p>

<p>Malen mit Dementen „Den Pinsel in Bewegung halten ohne zu wissen, wohin er mich führt, ist ein Abenteuer, und je mehr ich es geschehen lasse, desto leichter fühle ich mich, ganz und gar lebendig&#8230;&#8220; Diesen Satz der Hobbykünstlerin, Ergo- und [&hellip;]</p>
