{"id":352,"date":"2016-02-13T14:25:36","date_gmt":"2016-02-13T14:25:36","guid":{"rendered":"http:\/\/anna-siemens.de\/?page_id=352"},"modified":"2016-02-13T14:28:41","modified_gmt":"2016-02-13T14:28:41","slug":"ueber-mich","status":"publish","type":"page","link":"https:\/\/anna-siemens.de\/?page_id=352","title":{"rendered":"\u00dcber mich"},"content":{"rendered":"<p>Anna Siemens<a href=\"https:\/\/i0.wp.com\/anna-wall.de\/wp-content\/uploads\/2013\/10\/picabout.png\"><img data-recalc-dims=\"1\" loading=\"lazy\" decoding=\"async\" class=\"alignright size-full wp-image-392\" src=\"https:\/\/i0.wp.com\/anna-wall.de\/wp-content\/uploads\/2013\/10\/picabout.png?resize=150%2C200\" alt=\"Anna Wall\" width=\"150\" height=\"200\" \/><\/a><\/p>\n<p>Geboren am 23.12.1958<\/p>\n<p>Schon in meiner Kindheit liebte ich das Malen und Zeichnen. Ich verbrachte einen Gro\u00dfteil meiner Freizeit damit und nahm in meiner Schulzeit an regionalen Malwettbewerben teil.<\/p>\n<p>1997 belegte ich meine ersten Kurse an der Volkshochschule Hannover, und arbeitete autodidaktisch um meinen Malstil und Technik zu entwickeln.<\/p>\n<p>Von 2006 bis 2009 absolvierte ich ein Kunststudium an der Akademie \u201eFaber-Castell\u201c in N\u00fcrnberg mit dem Abschluss \u201eBildende K\u00fcnstlerin\u201c.<\/p>\n<p>Ich verwende bei meinen Bildern verschiedene Techniken, wie malen mit dem Spachtel, oder beimischen von Sand um die Oberfl\u00e4chenstruktur zu modellieren.<\/p>\n<p>Ich arbeite gerne mit den unterschiedlichsten Malmedien, wie zum Beispiel \u00d6l- oder Pastellkreiden, Aqarelsticks oder einfache Zeichenkohle.<\/p>\n<p>Jedes Bild ist ein Teil (m)einer Geschichte. Von verletzt und geheilt werden. Vom abgelehnt und angenommen werden. Von Suchen und Finden eines Ortes, das (m)ein Zuhause geworden ist: \u201cGott Nahe zu sein ist mein Gl\u00fcck\u201c!!!<\/p>\n<p>St\u00f6bern Sie doch einfach mal durch meine Galerie und entdecken Sie die Geschichten, die Ihnen meine Bilder erz\u00e4hlen.<\/p>\n<p>Schreiben Sie mir \u00fcber das Kontaktformular, wenn sie mehr wissen m\u00f6chten, wenn sie Fragen haben, wenn Sie eins der Bilder gerne haben m\u00f6chten oder ein bestimmtes Motiv gemalt haben m\u00f6chten.<\/p>\n","protected":false},"excerpt":{"rendered":"<p>Anna Siemens Geboren am 23.12.1958 Schon in meiner Kindheit liebte ich das Malen und Zeichnen. Ich verbrachte einen Gro\u00dfteil meiner Freizeit damit und nahm in meiner Schulzeit an regionalen Malwettbewerben teil. 1997 belegte ich meine ersten Kurse an der Volkshochschule [&hellip;]<\/p>\n","protected":false},"author":1,"featured_media":0,"parent":0,"menu_order":0,"comment_status":"closed","ping_status":"closed","template":"","meta":{"jetpack_post_was_ever_published":false,"footnotes":""},"class_list":["post-352","page","type-page","status-publish","hentry"],"jetpack_sharing_enabled":true,"jetpack_shortlink":"https:\/\/wp.me\/P7hHHk-5G","jetpack-related-posts":[],"_links":{"self":[{"href":"https:\/\/anna-siemens.de\/index.php?rest_route=\/wp\/v2\/pages\/352","targetHints":{"allow":["GET"]}}],"collection":[{"href":"https:\/\/anna-siemens.de\/index.php?rest_route=\/wp\/v2\/pages"}],"about":[{"href":"https:\/\/anna-siemens.de\/index.php?rest_route=\/wp\/v2\/types\/page"}],"author":[{"embeddable":true,"href":"https:\/\/anna-siemens.de\/index.php?rest_route=\/wp\/v2\/users\/1"}],"replies":[{"embeddable":true,"href":"https:\/\/anna-siemens.de\/index.php?rest_route=%2Fwp%2Fv2%2Fcomments&post=352"}],"version-history":[{"count":2,"href":"https:\/\/anna-siemens.de\/index.php?rest_route=\/wp\/v2\/pages\/352\/revisions"}],"predecessor-version":[{"id":355,"href":"https:\/\/anna-siemens.de\/index.php?rest_route=\/wp\/v2\/pages\/352\/revisions\/355"}],"wp:attachment":[{"href":"https:\/\/anna-siemens.de\/index.php?rest_route=%2Fwp%2Fv2%2Fmedia&parent=352"}],"curies":[{"name":"wp","href":"https:\/\/api.w.org\/{rel}","templated":true}]}}

Über mich

<p>Anna Siemens<a href="https://i0.wp.com/anna-wall.de/wp-content/uploads/2013/10/picabout.png"><img data-recalc-dims="1" loading="lazy" decoding="async" class="alignright size-full wp-image-392" src="https://i0.wp.com/anna-wall.de/wp-content/uploads/2013/10/picabout.png?resize=150%2C200" alt="Anna Wall" width="150" height="200" /></a></p>
<p>Geboren am 23.12.1958</p>
<p>Schon in meiner Kindheit liebte ich das Malen und Zeichnen. Ich verbrachte einen Großteil meiner Freizeit damit und nahm in meiner Schulzeit an regionalen Malwettbewerben teil.</p>
<p>1997 belegte ich meine ersten Kurse an der Volkshochschule Hannover, und arbeitete autodidaktisch um meinen Malstil und Technik zu entwickeln.</p>
<p>Von 2006 bis 2009 absolvierte ich ein Kunststudium an der Akademie „Faber-Castell“ in Nürnberg mit dem Abschluss „Bildende Künstlerin“.</p>
<p>Ich verwende bei meinen Bildern verschiedene Techniken, wie malen mit dem Spachtel, oder beimischen von Sand um die Oberflächenstruktur zu modellieren.</p>
<p>Ich arbeite gerne mit den unterschiedlichsten Malmedien, wie zum Beispiel Öl- oder Pastellkreiden, Aqarelsticks oder einfache Zeichenkohle.</p>
<p>Jedes Bild ist ein Teil (m)einer Geschichte. Von verletzt und geheilt werden. Vom abgelehnt und angenommen werden. Von Suchen und Finden eines Ortes, das (m)ein Zuhause geworden ist: “Gott Nahe zu sein ist mein Glück“!!!</p>
<p>Stöbern Sie doch einfach mal durch meine Galerie und entdecken Sie die Geschichten, die Ihnen meine Bilder erzählen.</p>
<p>Schreiben Sie mir über das Kontaktformular, wenn sie mehr wissen möchten, wenn sie Fragen haben, wenn Sie eins der Bilder gerne haben möchten oder ein bestimmtes Motiv gemalt haben möchten.</p>

<p>Anna Siemens Geboren am 23.12.1958 Schon in meiner Kindheit liebte ich das Malen und Zeichnen. Ich verbrachte einen Großteil meiner Freizeit damit und nahm in meiner Schulzeit an regionalen Malwettbewerben teil. 1997 belegte ich meine ersten Kurse an der Volkshochschule [&hellip;]</p>
