{"id":724,"date":"2026-01-08T15:16:46","date_gmt":"2026-01-08T15:16:46","guid":{"rendered":"https:\/\/anna-siemens.de\/?page_id=724"},"modified":"2026-01-08T15:54:05","modified_gmt":"2026-01-08T15:54:05","slug":"gespraech-in-farben","status":"publish","type":"page","link":"https:\/\/anna-siemens.de\/?page_id=724","title":{"rendered":"Gespr\u00e4ch in Farben"},"content":{"rendered":"\n<figure class=\"wp-block-gallery has-nested-images columns-default is-cropped wp-block-gallery-1 is-layout-flex wp-block-gallery-is-layout-flex\">\n<figure class=\"wp-block-image size-large\"><img data-recalc-dims=\"1\" loading=\"lazy\" decoding=\"async\" width=\"596\" height=\"848\" data-attachment-id=\"733\" data-permalink=\"https:\/\/anna-siemens.de\/?attachment_id=733\" data-orig-file=\"https:\/\/i0.wp.com\/anna-siemens.de\/wp-content\/uploads\/2026\/01\/Tamil-1.jpg?fit=596%2C848&amp;ssl=1\" data-orig-size=\"596,848\" data-comments-opened=\"1\" data-image-meta=\"{&quot;aperture&quot;:&quot;0&quot;,&quot;credit&quot;:&quot;&quot;,&quot;camera&quot;:&quot;&quot;,&quot;caption&quot;:&quot;&quot;,&quot;created_timestamp&quot;:&quot;0&quot;,&quot;copyright&quot;:&quot;&quot;,&quot;focal_length&quot;:&quot;0&quot;,&quot;iso&quot;:&quot;0&quot;,&quot;shutter_speed&quot;:&quot;0&quot;,&quot;title&quot;:&quot;&quot;,&quot;orientation&quot;:&quot;0&quot;}\" data-image-title=\"Tamil\" data-image-description=\"\" data-image-caption=\"\" data-large-file=\"https:\/\/i0.wp.com\/anna-siemens.de\/wp-content\/uploads\/2026\/01\/Tamil-1.jpg?fit=596%2C848&amp;ssl=1\" data-id=\"733\" src=\"https:\/\/i0.wp.com\/anna-siemens.de\/wp-content\/uploads\/2026\/01\/Tamil-1.jpg?resize=596%2C848&#038;ssl=1\" alt=\"\" class=\"wp-image-733\" srcset=\"https:\/\/i0.wp.com\/anna-siemens.de\/wp-content\/uploads\/2026\/01\/Tamil-1.jpg?w=596&amp;ssl=1 596w, https:\/\/i0.wp.com\/anna-siemens.de\/wp-content\/uploads\/2026\/01\/Tamil-1.jpg?resize=211%2C300&amp;ssl=1 211w\" sizes=\"auto, (max-width: 596px) 100vw, 596px\" \/><\/figure>\n\n\n\n<figure class=\"wp-block-image size-large\"><img data-recalc-dims=\"1\" loading=\"lazy\" decoding=\"async\" width=\"426\" height=\"597\" data-attachment-id=\"732\" data-permalink=\"https:\/\/anna-siemens.de\/?attachment_id=732\" data-orig-file=\"https:\/\/i0.wp.com\/anna-siemens.de\/wp-content\/uploads\/2026\/01\/WhatsApp-Image-2026-01-08-at-16.39.10-1.jpeg?fit=426%2C597&amp;ssl=1\" data-orig-size=\"426,597\" data-comments-opened=\"1\" data-image-meta=\"{&quot;aperture&quot;:&quot;0&quot;,&quot;credit&quot;:&quot;&quot;,&quot;camera&quot;:&quot;&quot;,&quot;caption&quot;:&quot;&quot;,&quot;created_timestamp&quot;:&quot;0&quot;,&quot;copyright&quot;:&quot;&quot;,&quot;focal_length&quot;:&quot;0&quot;,&quot;iso&quot;:&quot;0&quot;,&quot;shutter_speed&quot;:&quot;0&quot;,&quot;title&quot;:&quot;&quot;,&quot;orientation&quot;:&quot;0&quot;}\" data-image-title=\"WhatsApp Image 2026-01-08 at 16.39.10\" data-image-description=\"\" data-image-caption=\"\" data-large-file=\"https:\/\/i0.wp.com\/anna-siemens.de\/wp-content\/uploads\/2026\/01\/WhatsApp-Image-2026-01-08-at-16.39.10-1.jpeg?fit=426%2C597&amp;ssl=1\" data-id=\"732\" src=\"https:\/\/i0.wp.com\/anna-siemens.de\/wp-content\/uploads\/2026\/01\/WhatsApp-Image-2026-01-08-at-16.39.10-1.jpeg?resize=426%2C597&#038;ssl=1\" alt=\"\" class=\"wp-image-732\" srcset=\"https:\/\/i0.wp.com\/anna-siemens.de\/wp-content\/uploads\/2026\/01\/WhatsApp-Image-2026-01-08-at-16.39.10-1.jpeg?w=426&amp;ssl=1 426w, https:\/\/i0.wp.com\/anna-siemens.de\/wp-content\/uploads\/2026\/01\/WhatsApp-Image-2026-01-08-at-16.39.10-1.jpeg?resize=214%2C300&amp;ssl=1 214w\" sizes=\"auto, (max-width: 426px) 100vw, 426px\" \/><\/figure>\n\n\n\n<figure class=\"wp-block-image size-large\"><img data-recalc-dims=\"1\" loading=\"lazy\" decoding=\"async\" width=\"435\" height=\"598\" data-attachment-id=\"734\" data-permalink=\"https:\/\/anna-siemens.de\/?attachment_id=734\" data-orig-file=\"https:\/\/i0.wp.com\/anna-siemens.de\/wp-content\/uploads\/2026\/01\/WhatsApp-Image-2026-01-08-at-16.39.11-1.jpeg?fit=435%2C598&amp;ssl=1\" data-orig-size=\"435,598\" data-comments-opened=\"1\" data-image-meta=\"{&quot;aperture&quot;:&quot;0&quot;,&quot;credit&quot;:&quot;&quot;,&quot;camera&quot;:&quot;&quot;,&quot;caption&quot;:&quot;&quot;,&quot;created_timestamp&quot;:&quot;0&quot;,&quot;copyright&quot;:&quot;&quot;,&quot;focal_length&quot;:&quot;0&quot;,&quot;iso&quot;:&quot;0&quot;,&quot;shutter_speed&quot;:&quot;0&quot;,&quot;title&quot;:&quot;&quot;,&quot;orientation&quot;:&quot;0&quot;}\" data-image-title=\"WhatsApp Image 2026-01-08 at 16.39.11\" data-image-description=\"\" data-image-caption=\"\" data-large-file=\"https:\/\/i0.wp.com\/anna-siemens.de\/wp-content\/uploads\/2026\/01\/WhatsApp-Image-2026-01-08-at-16.39.11-1.jpeg?fit=435%2C598&amp;ssl=1\" data-id=\"734\" src=\"https:\/\/i0.wp.com\/anna-siemens.de\/wp-content\/uploads\/2026\/01\/WhatsApp-Image-2026-01-08-at-16.39.11-1.jpeg?resize=435%2C598&#038;ssl=1\" alt=\"\" class=\"wp-image-734\" srcset=\"https:\/\/i0.wp.com\/anna-siemens.de\/wp-content\/uploads\/2026\/01\/WhatsApp-Image-2026-01-08-at-16.39.11-1.jpeg?w=435&amp;ssl=1 435w, https:\/\/i0.wp.com\/anna-siemens.de\/wp-content\/uploads\/2026\/01\/WhatsApp-Image-2026-01-08-at-16.39.11-1.jpeg?resize=218%2C300&amp;ssl=1 218w\" sizes=\"auto, (max-width: 435px) 100vw, 435px\" \/><\/figure>\n<\/figure>\n\n\n\n<p>&#8222;Jaget der Liebe nach, strebt nach den Gaben, vor Allem nach der prophetischen Rede. Die Farben k\u00f6nnen reden. Farben k\u00f6nnen das Herz erreichen, wenn Worte nicht ausreichen. Worte verklingen &#8211; Farben und Bilder bleiben. Sie sprechen l\u00e4nger und unterst\u00fctzen das gesprochene Wort des Vaters. Ein Wort, das im Herzen erklingt. Das f\u00e4hig ist, Leben zu ver\u00e4ndern.&#8220; <\/p>\n\n\n\n<p>Anna Siemens (angelehnt an 1. Korinther 14,1)<\/p>\n\n\n\n<p>Das Buch ist in Deutsch, Englisch und Tamil erh\u00e4ltlich.<\/p>\n\n\n\n<p>Bei Interesse bitte an sieann@gmx.de wenden<\/p>\n\n\n\n<p><\/p>\n","protected":false},"excerpt":{"rendered":"<p>&#8222;Jaget der Liebe nach, strebt nach den Gaben, vor Allem nach der prophetischen Rede. Die Farben k\u00f6nnen reden. Farben k\u00f6nnen das Herz erreichen, wenn Worte nicht ausreichen. Worte verklingen &#8211; Farben und Bilder bleiben. Sie sprechen l\u00e4nger und unterst\u00fctzen das [&hellip;]<\/p>\n","protected":false},"author":3,"featured_media":0,"parent":0,"menu_order":0,"comment_status":"closed","ping_status":"closed","template":"","meta":{"jetpack_post_was_ever_published":false,"footnotes":""},"class_list":["post-724","page","type-page","status-publish","hentry"],"jetpack_sharing_enabled":true,"jetpack_shortlink":"https:\/\/wp.me\/P7hHHk-bG","jetpack-related-posts":[],"_links":{"self":[{"href":"https:\/\/anna-siemens.de\/index.php?rest_route=\/wp\/v2\/pages\/724","targetHints":{"allow":["GET"]}}],"collection":[{"href":"https:\/\/anna-siemens.de\/index.php?rest_route=\/wp\/v2\/pages"}],"about":[{"href":"https:\/\/anna-siemens.de\/index.php?rest_route=\/wp\/v2\/types\/page"}],"author":[{"embeddable":true,"href":"https:\/\/anna-siemens.de\/index.php?rest_route=\/wp\/v2\/users\/3"}],"replies":[{"embeddable":true,"href":"https:\/\/anna-siemens.de\/index.php?rest_route=%2Fwp%2Fv2%2Fcomments&post=724"}],"version-history":[{"count":5,"href":"https:\/\/anna-siemens.de\/index.php?rest_route=\/wp\/v2\/pages\/724\/revisions"}],"predecessor-version":[{"id":737,"href":"https:\/\/anna-siemens.de\/index.php?rest_route=\/wp\/v2\/pages\/724\/revisions\/737"}],"wp:attachment":[{"href":"https:\/\/anna-siemens.de\/index.php?rest_route=%2Fwp%2Fv2%2Fmedia&parent=724"}],"curies":[{"name":"wp","href":"https:\/\/api.w.org\/{rel}","templated":true}]}}